x = 14 + -20. List the prime factors of x/4 - (-123)/6.
19
Suppose 0 = 18*v - 17*v - 84. List the prime factors of v.
2, 3, 7
Suppose d = x - 7, -3*d = 3*x + 2*d - 21. Let v = 21 - x. What are the prime factors of v?
2, 7
Suppose -8 - 17 = -5*v. Suppose 0 = w - v*w + 40. List the prime factors of w.
2, 5
Let x = 146 - 58. What are the prime factors of x?
2, 11
Let t(m) = -m**2 + 7*m + 4. What are the prime factors of t(5)?
2, 7
Let x(w) = -9*w + 2. Let y be x(-6). Suppose 3*u + y = 11. Let i = u - -28. List the prime factors of i.
13
Let d(x) = -2*x + 1. Let t be d(-1). What are the prime factors of t*1 - 18/(-2)?
2, 3
Let a be (2 + (-1)/2)*6. Suppose -5*b + a + 1 = 0. What are the prime factors of 15 + b*3/(-6)?
2, 7
Suppose 2*w = y + 87, y - 51 = -0*w - w. List the prime factors of w.
2, 23
Suppose 3*s = -0*s. Let b = 22 - s. What are the prime factors of b?
2, 11
Let v be (3/2)/((-2)/(-4)). Suppose 2*h + v = 7. List the prime factors of h.
2
Let a = 12 - 7. Suppose -8*p + a*p = -39. List the prime factors of p.
13
Let a = -18 + 23. Suppose 0 = -a*l + n - 5*n + 37, 4*n = 2*l - 26. List the prime factors of l.
3
Suppose 3*s = 9 + 3. Let k(r) = r + 5. Let p be k(-4). What are the prime factors of 23/s - p/(-4)?
2, 3
Suppose -k + 2*s + 196 = 35, -5*k + 763 = 4*s. List the prime factors of k.
5, 31
What are the prime factors of 6102/45 - -1*2/5?
2, 17
Let h(o) = o**3 + 6*o**2 - 12*o - 6. What are the prime factors of h(-7)?
29
Let k(q) = -q**3 - 2*q**2 + 5*q - 3 - 5*q. List the prime factors of k(-3).
2, 3
Let a(u) = 3*u + 1. What are the prime factors of a(1)?
2
Let l(q) = -2*q**2 - 4*q. Let p be l(-3). Let j = p + 10. Suppose -f + 3*h - 1 = -2*f, -3*f - j*h + 13 = 0. What are the prime factors of f?
7
Let u be (-1)/(0 + 0 + -1). Let v(a) be the first derivative of a**2/2 + a + 1. What are the prime factors of v(u)?
2
Let d(q) = 2*q - 3. Let i be d(3). Let u(n) = n - 2. Let z be u(4). What are the prime factors of (i/z)/(5/30)?
3
Let s = -16 + -2. List the prime factors of (s/27)/(2/(-33)).
11
Suppose 1 - 10 = v. Let d(r) = -r**2 - 10*r - 6. List the prime factors of d(v).
3
Let u(j) = 4*j**3 + 2*j**2. List the prime factors of u(2).
2, 5
Let t(y) = y**2 + 4. Let h be t(0). Suppose -h*b = -b + 60. What are the prime factors of -2 + (3 - b) + -3?
2, 3
What are the prime factors of 227 - ((-5)/(-3) - 11/(-33))?
3, 5
Let l(i) = i**3 + 6*i**2 - 3*i - 3. Let r be l(-6). Let u be r/2*4/3. Suppose 5*a = -3*c + 9 + 53, -3*a + 5*c = -u. What are the prime factors of a?
2, 5
Let g(t) = -t - 8. Let l be g(-9). Let v(b) = 13*b**2 - 1. List the prime factors of v(l).
2, 3
Let l = 504 - 343. What are the prime factors of l?
7, 23
Let k(n) = -26*n + 80. What are the prime factors of k(-13)?
2, 11, 19
Suppose 20 = 4*m + m. Suppose 58 + 6 = m*f. List the prime factors of f.
2
List the prime factors of (-429)/(-2 + -1) + 10/5.
5, 29
Suppose -b = -3*b - 8. Let z = b + 8. What are the prime factors of z?
2
Let q = 10 + -4. Suppose -2*l = -q*l + 36. What are the prime factors of l?
3
Suppose -5*l + 77 = -2*r + 1, -5*r = -l + 29. List the prime factors of l.
2, 7
Suppose 24 = 5*s - 71. Let j = s + -12. Suppose -m + j = -0*m. List the prime factors of m.
7
Let o be 49/6 - (-3)/(-18). Suppose -o = l - 2*l. List the prime factors of l.
2
Let p(j) = -j**3 + 4*j**2 - 2*j - 2. Let a be p(4). Let r(n) = -n**3 - 9*n**2 + 9*n + 11. Let v be r(a). Let t = -9 + v. What are the prime factors of t?
2, 3
Let r = -10 + 9. What are the prime factors of 2 + (-10)/r + -1?
11
Suppose 18 = 3*c - 171. Suppose -5*s + s + 62 = 2*z, -z + c = 4*s. What are the prime factors of s?
2
Let j be (-6)/(-9)*(-3 + 0). What are the prime factors of 10 - (1 + j + 2)?
3
Suppose 25 = j + 5*o - 10, 0 = 4*j - o - 119. List the prime factors of j.
2, 3, 5
Suppose 5*t = -0*t - 3*i + 25, -4*i = 3*t - 15. Suppose -g - 4*u = 3*g + 16, 20 = 5*g - t*u. Suppose -2*o = -g*o - 6. List the prime factors of o.
3
Suppose -15 = 5*s + 4*l - l, s = l + 5. Let n = 0 - -6. Let u = n + s. What are the prime factors of u?
2, 3
Let a = -128 - -266. List the prime factors of a.
2, 3, 23
Let d(w) = 13*w**2 + 6*w + 5. What are the prime factors of d(-5)?
2, 3, 5
Suppose -2*k + 10 = -5*n + 2*k, -3*n + 16 = 2*k. Let x(c) = 6*c - 1. What are the prime factors of x(n)?
11
Let q be (-2 + 2)/(0 + 2). Let p = 1 - q. List the prime factors of p/((6/(-10))/(-3)).
5
Let s = 10 + -8. What are the prime factors of 245/4 + s/(-8)?
61
Let i(q) = q**3 + q**2 + q + 4. Suppose 0 = a + a. Suppose a = -0*h + h. List the prime factors of i(h).
2
Let n(g) = 3*g. Let p be n(3). Suppose -p*m + 10 = -7*m. List the prime factors of m.
5
Suppose -s + 5 = -4. Let i = s - 5. Let v = i - -2. What are the prime factors of v?
2, 3
Suppose 0 = -4*k + 4 - 8. Suppose c = 2*t + 4, -4*c - 1 = 5*t + 9. List the prime factors of (t/6)/(k/9).
3
Suppose -5*w = 14*w - 2280. What are the prime factors of w?
2, 3, 5
Suppose 3*q = -2*v + 4 - 1, 2*v = -q + 13. Let d be -10 + 6/v*-3. List the prime factors of (4/(-3))/(2/d).
2
Let p(f) = 0*f**2 + 12*f + 6 - f**2 + 0*f**2. What are the prime factors of p(9)?
3, 11
Suppose 3*v - 7 = 2. Suppose p + 1 = v. Suppose o + 5 = p*r - 2*o, 0 = -5*r - o + 38. What are the prime factors of r?
7
Let f(p) = -11*p - 15. Let t(n) = -7*n - 10. Let q(g) = -5*f(g) + 8*t(g). List the prime factors of q(-9).
2
Let b = 84 + -51. List the prime factors of b.
3, 11
Suppose -3*d + 4*w = 7*w - 3, 2*d - w - 17 = 0. Let x(p) = -p**2 + 14*p - 1. List the prime factors of x(d).
47
Let l = -9 + 12. Suppose 0 = -l*h + 20 + 31. What are the prime factors of h?
17
What are the prime factors of (-9 + 1)*(-171)/18?
2, 19
Let o(z) be the second derivative of -1/2*z**4 + 7/2*z**2 - 2/3*z**3 + 0 + z - 1/20*z**5. List the prime factors of o(-5).
2
Suppose w = 4 + 3. Let z be (-34)/4 + 9/18. Let n = w - z. What are the prime factors of n?
3, 5
List the prime factors of 226 - 4/(9 - 5).
3, 5
Let v(w) = -3*w - 8. Let g(q) = 1. Let t(a) = -6*g(a) - v(a). Let k = -6 - -9. What are the prime factors of t(k)?
11
Let c(l) = 19*l - 2. Let k be c(2). Suppose 3*v = k + 24. Suppose j + 3*j - v = 0. What are the prime factors of j?
5
What are the prime factors of (1 + 0)/(15/375)?
5
Let x be 6/3 - (-1 + -6). What are the prime factors of 3*(51/x + 1)?
2, 5
Suppose -2*m + 40 = l, -l - l + 2*m + 74 = 0. List the prime factors of l.
2, 19
Suppose 3*q - 522 = -3*s, 2*q - 730 - 152 = -5*s. What are the prime factors of s?
2, 89
Suppose -2*f + 7*f - x = 26, 5*x - 38 = -3*f. Let g(p) = -p**2 + 7*p. What are the prime factors of g(f)?
2, 3
Let a be (-6)/((1 + -3)/1). Let o be ((-4)/a)/(2/(-3)). List the prime factors of -3*((-34)/6 + o).
11
Let d(k) = -4*k**2 - 3*k - 3. Let t(j) = -3*j**2 - 2*j - 2. Let a(g) = -5*d(g) + 6*t(g). What are the prime factors of a(-3)?
2, 3
Let g(q) = q**3 + 5*q**2 + 4*q + 5. Let n(c) = -c - 12. Let x be n(-7). Let k be g(x). Let s = 23 + k. What are the prime factors of s?
2
Suppose 24 + 4 = 2*v. Let g = -4 + v. List the prime factors of g.
2, 5
Let f = 6 + -9. Let d be (f/9)/(3/(-45)). Suppose d*x = 27 + 53. List the prime factors of x.
2
Let o be -1*-3*4/(-6). What are the prime factors of o*((-18)/4 - 1)?
11
Suppose 4*q - 163 = 185. List the prime factors of q.
3, 29
Suppose 0 = -0*c - 3*c - 81. Let i be (-32)/6*c/(-6). Let k = -14 - i. List the prime factors of k.
2, 5
Let a(m) = -3 + 5 - m + 8. Let j be a(6). Let v = j - -5. What are the prime factors of v?
3
Let q = -19 - -6. Let d = q - -24. List the prime factors of d.
11
Suppose l + 3*c = 15, -4*c + 5*c - 17 = -l. List the prime factors of l.
2, 3
Let l = -5 - -11. Suppose c + 6*m = m + 18, -l = -3*c + m. Let h = c + 4. List the prime factors of h.
7
Let s(y) = 2*y**2 + 2*y + 2. Let l be (-1)/(-2) - (-15)/(-6). Let c be s(l). Suppose -3*a = -3 - c. What are the prime factors of a?
3
Let h(l) = -4*l**3 - 11*l**2 - l + 6. What are the prime factors of h(-5)?
2, 59
Suppose 3*c - 120 = 3*z, 9 + 43 = c - 5*z. Let h = -14 - -25. Suppose -2*u + c - h = 0. What are the prime factors of u?
13
Suppose 5 + 7 = 3*p + 2*d, 0 = 3*p + 4*d - 18. Suppose -p*r - r = -12. What are the prime factors of r?
2
Let v be 1422/27 + (-2)/3. Suppose 0 = 3*t - 101 - v. What are the prime factors of t?
3, 17
What are th